6*s + 42*s - 12 = 0, -4*s + 833 = 5*j. What is the remainder when j is divided by 85?
84
Let w = -2 - -1. What is the remainder when 1 - (9 + 2)/w is divided by 5?
2
Calculate the remainder when 19*2 + (-3 - -5) is divided by 18 - (-12)/(-3)*(-4 - -5).
12
Suppose -4 = -5*f + 3*c + 15, -5*c - 23 = -4*f. Let r(s) = -s**2 - 3*s + 4. Let p be r(-3). What is the remainder when ((-3)/6)/((-1)/p) is divided by f?
0
Suppose -4*f - h + 2*h + 266 = 0, 4*f - 264 = 2*h. Calculate the remainder when 193 is divided by f.
59
Suppose -320 - 309 = -17*b. What is the remainder when 220 is divided by b?
35
Let g(x) = x**3 - 26*x**2 + 26*x - 25. Let z be g(25). Suppose -2*p + 0*p + 2*w + 30 = z, 4*w = 5*p - 80. Calculate the remainder when 37 is divided by p.
17
Let d(a) = -a**2 + 50*a - 250. Let o(f) = 3*f - 9. What is the remainder when d(44) is divided by o(6)?
5
Let t be (-30)/(-9)*(-24)/10. Let i(p) = -p**3 - 8*p**2 - 4*p - 8. What is the remainder when i(t) is divided by 10?
4
Let q(y) = y**2 - 9*y + 9. Let t = 14 - 10. What is the remainder when (t/10)/((-4)/(-10)) is divided by q(8)?
0
Let z(o) = 20*o - 6. Let b be z(3). Suppose 0 = 5*l + p + b, -2*l - 17 + 1 = -p. What is the remainder when 8/(-40) - 92/l is divided by 5?
4
Let c(d) = -2*d**3 - 16*d**2 - 22*d - 23. Suppose 0 = 4*m + 32 - 108. What is the remainder when c(-7) is divided by m?
14
Suppose 5*y + 245 + 45 = 0. Let s be (-4 - -7) + -38 + 0. Let d = s - y. Calculate the remainder when d is divided by 6.
5
Suppose t + k - 8 = 0, 4*t - 5*k - 49 = 1. Let d(w) = -4*w - 4. Let q be d(8). Let y = 55 + q. What is the remainder when y is divided by t?
9
Let o = 136 + -1. Suppose -o = -j - 4*g, 0*j - j + 2*g = -105. Suppose -4*r = -9*r + j. What is the remainder when r is divided by 13?
10
Suppose 0 = -4*k + v - 2*v + 3, -v + 3 = 0. Suppose -2*t - 3*a + 8*a + 68 = k, -4*t + 180 = a. Let x = t + -29. What is the remainder when 29 is divided by x?
14
Suppose -t - 10 = 2*s, 3*t + 2*t - 2*s = 10. Suppose t = 2*y + 39 + 73. What is the remainder when 18 is divided by (y/16)/(1/(-2))?
4
Suppose -5*a + 34 = -3*a. Let x(m) = 110*m + 8. Let t be x(6). What is the remainder when (-2)/(5 - t/132) is divided by a?
16
Let r be 6/9 + (-26)/(-6). Suppose 0*f = r*f - 140. What is the remainder when 27 is divided by ((-9)/(-9))/(2/f)?
13
What is the remainder when 72/(-16) + 3 - (-42)/4 is divided by 5?
4
Let x(j) = j**2 + 3*j + 12. Let f be x(-5). Suppose 2*z = 6 + f. Suppose -z*u - 1 = -15*u. Calculate the remainder when 1 is divided by u.
0
Let q = 2 - 3. Suppose -2*c + 3*l - 51 = -4*c, 2*l + 8 = c. What is the remainder when 61 is divided by c - -6 - (2 - q)?
19
Let g = -38 - -51. Let s be 2/(-9) + (-141)/(-27). Suppose 4*l = 4*k + 168, s*l + 0*k = -k + 180. What is the remainder when l is divided by g?
11
Let q(u) be the third derivative of -u**4/6 - u**3 - 12*u**2. Calculate the remainder when 17 is divided by q(-3).
5
What is the remainder when (-1 - 33/(-11))/(4/302) is divided by 14?
11
Let g(a) = 4*a - 2. Let j be g(-1). What is the remainder when 8 is divided by (-105)/(-14) + j/4?
2
Let l(k) = k**2 + 9*k + 13. Let s be l(-13). Let c = s + -33. Calculate the remainder when 94 is divided by c.
30
Suppose l = -2*l + 339. What is the remainder when l is divided by (-199)/(-7) - (9 - 670/70)?
26
Let j(h) = h**3 - 2*h + 71. Let c be j(0). Let d be ((-482)/(-3))/(4/6). Suppose -5*x = -d + c. Calculate the remainder when x is divided by 9.
7
Let t(y) = -2*y**3 - 26*y**2 + 17*y + 276. Calculate the remainder when t(-13) is divided by 42.
13
Let t be (2/4 - 3)*-2. Suppose -20 = -4*x + 4*a, 4*x = -0*x + t*a + 20. Let l = 8 + 6. Calculate the remainder when l is divided by x.
4
Let b = 163 + -45. Calculate the remainder when b is divided by 6.
4
Let m = -34 + 37. Suppose -3*t + 3*i = 0, -m*t + i + 10 = -0. Calculate the remainder when (-3)/9 + (-43)/(-3) is divided by t.
4
Let y(f) = -f**3 + 18*f**2 - 13*f - 38. Let b = 15 - 10. Suppose 3 + b = p. What is the remainder when y(17) is divided by p?
6
Let a(t) = 2 - 5 + t + 2 - 1. Let m be a(6). Suppose 62 = m*b - 102. Calculate the remainder when b is divided by 14.
13
Suppose 5*r - 1386 = -9*r. Calculate the remainder when 192 is divided by r.
93
Let h(k) be the first derivative of 15*k**2/2 - 14*k + 36. Suppose 0*q + 80 = 5*q. Calculate the remainder when h(5) is divided by q.
13
Let n = 76 + -43. Let l = 1 - -17. Calculate the remainder when n is divided by l.
15
Suppose -3*d + 174 = -507. Let f = 3191 - 3145. Calculate the remainder when d is divided by f.
43
Let m(p) = 1. Let c(y) = y**2 - 25*y + 21. Let v(d) = -c(d) + 6*m(d). What is the remainder when v(10) is divided by 17?
16
Let z(o) = -o**3 + 6*o**2 + 4*o + 4. Let t be z(6). Let b(g) = 2*g - 35. What is the remainder when 62 is divided by b(t)?
20
Let n(q) = -q**2 - 10*q + 4. Let l = -144 - -156. What is the remainder when l is divided by n(-10)?
0
Let s(i) = -2*i - 12. Let j be s(-7). Suppose -4*m + j*l + 66 = 0, -81 = -5*m - l + 5*l. Calculate the remainder when 35 - -1*(-4 + 2) is divided by m.
16
Suppose -3*d + 0*d = -o + 20, -d = 2. Suppose 2*m - 6 = o. What is the remainder when 14 is divided by m?
4
Let a = -251 + 259. Let q = 3 - -67. Calculate the remainder when q is divided by a.
6
Suppose -191 = -4*r + 5*d, -3*r + 19 + 133 = 5*d. Let q be 84/r + 2/7. What is the remainder when 29 is divided by (-154)/(-10) + q/(-5)?
14
Let a be (-985)/35 + ((-2)/(-14) - 0). Let y = a - -32. Let w = 55 - 36. What is the remainder when w is divided by y?
3
Let y(d) = d**2 + 4*d - 16. Let o be y(-7). What is the remainder when 21 is divided by ((-2)/10)/((-2)/6)*o?
0
Suppose 27*i + 21 = 615. Let k = 170 + -85. Calculate the remainder when k is divided by i.
19
Let n(i) = -i + 12. Suppose 452 = 4*p + 5*w, p - 134 = -0*p + 4*w. Suppose -5*f = 10, 4*u + u - p = 4*f. What is the remainder when u is divided by n(0)?
10
Suppose -3*c = 0, -5*l - 2*c = -3*l - 52. Calculate the remainder when 31 is divided by (64/6)/(l/39).
15
Suppose -5*u + 29 = 4*p, -5*p - 12 = -2*u - 73. Calculate the remainder when 50 - ((-6)/2 + 1) is divided by p.
8
Let d = -727 + 801. Calculate the remainder when 246 is divided by d.
24
Suppose 3*v - 424 - 755 = 0. Calculate the remainder when v is divided by 16.
9
Let s = 35 + -30. Suppose 3*q - 2*k = 181, s*k = -3*q + 2*k + 201. Suppose -v = -11 - 5. Calculate the remainder when q is divided by v.
15
Suppose -4*t - 3*z + 4*z + 515 = 0, -z = -5*t + 644. What is the remainder when t is divided by 11/(22/87) + 2/4?
41
Let s = 74 - 69. Suppose 7*r = s*r + 16. What is the remainder when r is divided by 2?
0
Suppose 3*t + 6*t - 45 = 0. Suppose -2*y = t*q - 45, q + 4*q = y + 45. Calculate the remainder when 15 is divided by q.
6
Let f = 6 - 4. Suppose -3*n + 4*v + 156 = f*n, 0 = -2*n - 3*v + 67. What is the remainder when n is divided by 17?
15
Let p = -716 - -778. Calculate the remainder when 187 is divided by p.
1
Suppose 4*l - 28 = l - 2*z, 3*l - z = 13. Suppose -l*t = -7*t + 6. Suppose 0 = -k + 2 + 19. What is the remainder when k is divided by t?
3
Let t(y) = 4*y**3 + y**2 - 2*y + 14. What is the remainder when t(3) is divided by 21?
20
Suppose -f + 537 = 2*f - 3*q, 4*q = f - 185. Calculate the remainder when f is divided by (11 + -71)*(-3)/4.
42
Suppose -1014 = o - 6*o - 3*h, 8 = -4*h. What is the remainder when o is divided by 8?
4
Suppose -3*h = 33 - 303. Calculate the remainder when 261 is divided by h.
81
Let c be -3 + -1 + 84 + -2. What is the remainder when (-8)/2*-19 - 0 is divided by (3 + -3 - -1)/(3/c)?
24
Let z = 16 - 15. Let r = z - -1. Suppose -3*l - r*c + 8 = -9, -l = -4*c + 13. Calculate the remainder when l is divided by 2.
1
Let b = 1426 - 1386. Calculate the remainder when b is divided by 10.
0
Let m(n) = -8*n - 12. Let t be m(-9). Calculate the remainder when 143 is divided by 2168/t + 2/(-15).
35
What is the remainder when 97 is divided by -9*((-3)/2 + 56/144)?
7
Let m(c) = -c**3 + 4*c**2 + 12*c - 1. Let u be m(6). Let b(o) = -14*o - 1. Calculate the remainder when b(u) is divided by (-15)/(-2) - (-2)/(-4).
6
Suppose 420 + 885 = 2*v - 3*j, 4*v = -j + 2603. Suppose -707 = -7*d + v. Calculate the remainder when d is divided by 28.
26
Let d = -16 + 31. Let n = -2 - -5. Suppose -2*w -